t is the remainder when s is divided by 46/6 - (3 - 30/9)?
5
Let p be -7*2/(2/1). Let i = p + 18. Let u(z) = -2*z + 1. What is the remainder when u(-15) is divided by i?
9
Suppose -3*m - m = -3*t + 265, -t = 5*m - 82. What is the remainder when t is divided by (-150)/(-14) + (-2)/(-7)?
10
Let v(s) = 8*s**3 - s**2 + 3*s - 3. Let g be v(1). Let j = 6 + -5. What is the remainder when 55 is divided by g + -4 + 12 - j?
13
Let x(b) be the first derivative of 3*b**3 - 6*b**2 - 4*b + 33. What is the remainder when x(3) is divided by 13?
2
Suppose -2*r + 3 - 11 = 0. Let k = 2 - r. Suppose -11 - 58 = -3*c. What is the remainder when c is divided by k?
5
Let c(p) = -p**2 - 73*p + 326. What is the remainder when 43 is divided by c(-77)?
7
Let z = 1237 + -1172. Calculate the remainder when 452 is divided by z.
62
Suppose 4*l + 5 = -15, -20 = i + 2*l. Let o = i + 0. What is the remainder when 29 is divided by 18/(-45) - 104/o?
9
Let a(l) = -3*l - 3. Calculate the remainder when 1 - ((-2907)/(-102))/(6*1/(-8)) is divided by a(-6).
9
Let r = -951 + 1155. What is the remainder when r is divided by 69?
66
Let c = 1309 + -1280. Calculate the remainder when 190 is divided by c.
16
Let c(m) = m**3 + 5*m**3 - 7*m**3. Let g be c(-1). What is the remainder when -2 - g*(-114)/2 is divided by 14?
13
Let s(h) = h - 2. Let p(c) be the first derivative of c**2 - 5*c - 1. Let l(d) = 3*p(d) - 8*s(d). What is the remainder when l(-8) is divided by 10?
7
Suppose 6*g = 52 + 26. Calculate the remainder when 61 is divided by g.
9
Let j(n) = n**2 + 8*n + 3. Let i be j(-8). Let t be 17 + i + 0/(-3). Suppose 5*b = -4*x + x + 85, -4*x = t. What is the remainder when 77 is divided by b?
17
Suppose -364 - 537 = -17*k. Calculate the remainder when k is divided by 18.
17
Let w = -88 + 113. What is the remainder when w is divided by 14?
11
Suppose -x + 0 + 4 = 0. Suppose x*f - 504 = 476. Calculate the remainder when f is divided by 41.
40
Suppose -6*w = 19 + 5. Let r(k) be the second derivative of k**4/3 - k**3/3 + 5*k**2/2 + k. What is the remainder when r(w) is divided by 13?
12
Suppose 4*x - 200 = 3*d, 0 = 2*d + 4*x + 132 - 12. Let q = -50 - d. Calculate the remainder when 41 is divided by q.
13
Let j = 334 + -300. What is the remainder when j is divided by 15?
4
Suppose -4*g = -381 - 35. Calculate the remainder when g is divided by 54.
50
Let x = 22 - -13. Calculate the remainder when x is divided by 13.
9
Let b(u) = 8*u**3 - 11*u**2 - 7*u + 1. Calculate the remainder when b(3) is divided by 57.
40
Let h = -1046 + 1068. What is the remainder when 280 is divided by h?
16
Let d = 60 + -29. Let m(n) = n + 22. Calculate the remainder when d is divided by m(-11).
9
Suppose 0 = -14*p - 42. Calculate the remainder when 25 is divided by (-10 + -3)/(p + (-2)/(-1)).
12
Let b(d) = -2*d**3 - 3*d**2 - d + 1. Let r(f) = 3*f - 8*f + 6*f + 0*f + 11. Calculate the remainder when r(9) is divided by b(-2).
6
Suppose 87 = -8*p + 111. What is the remainder when 6 is divided by p?
0
Let d be ((-4)/(-6))/((-12)/18). Let k = 16 + d. Suppose -49 = -3*a + 77. What is the remainder when a is divided by k?
12
Suppose 3*j - 15 = -2*j, -5*r - 2*j - 24 = 0. Calculate the remainder when 152 is divided by 6 + 3 - 3*4/r.
9
Suppose -2*k - 61 = -3*k. Suppose 2*b = 3*i - 65, -2*b = -8*i + 3*i + 107. What is the remainder when k is divided by i?
19
Let g be 0 - (-12)/(-8)*-2. Suppose -g*s + 101 = 2. Calculate the remainder when s is divided by 18.
15
Suppose 5*g - 175 = -5*t, t - 36 = 5*g - 7. Suppose 5*s - 15 = 0, n - 3*s + 142 = 2*n. Let d = 142 - n. Calculate the remainder when t is divided by d.
7
Let y = -1378 + 1404. What is the remainder when 135 is divided by y?
5
Suppose 0 = -3*g + g - w + 101, 272 = 5*g - 4*w. Suppose -8*y + 44 = -4*y. What is the remainder when g is divided by y?
8
Let d be (-6)/(-3*1/(-4)). Let u = -27 - -34. Calculate the remainder when u is divided by d/6*-3 + -2.
1
Let y = 5 + -3. Let h be 6 - 5/(5/y). Suppose -5*l + 91 = 3*g, 26 = h*g + 4*l - 90. Calculate the remainder when g is divided by 7.
6
Suppose -59*p + 61380 = -18683. Calculate the remainder when p is divided by 14.
13
Let g(y) = -y + 8. Let b(h) = -3*h**2 - 2. Let z be b(-2). Let r = z - -11. Calculate the remainder when 21 is divided by g(r).
10
Suppose -2*r + 18 = -5*r. Let u be r/(-2) + 5 + -11. Calculate the remainder when 5/(-15) - 118/u is divided by 20.
19
Suppose 9*c - 360 = 27*c. Let g = -14 - c. Calculate the remainder when 34 is divided by g.
4
Suppose 0 = -0*q + 4*q. Suppose -s + 26 = s - c, q = 2*s - 3*c - 26. Calculate the remainder when 35 is divided by s.
9
Suppose -228*l = -231*l + 51. Calculate the remainder when l is divided by 10.
7
Let l = -91 - -674. Calculate the remainder when l is divided by 73.
72
Let j = 3407 + -3401. What is the remainder when 3 - 1 - 28/(-2) is divided by j?
4
Let p = -491 - -496. Let b = 2 - -3. Let t = b - -7. Calculate the remainder when t is divided by p.
2
Suppose -53 = -17*c + 202. What is the remainder when 974 is divided by c?
14
Suppose 62*f - 53*f = 72. What is the remainder when 13 is divided by f?
5
Let u = -9 - -13. Let f be (-5 + u)*(-1 - 12). Let b = 14 + f. What is the remainder when b is divided by 10?
7
Let r(l) = -l**3 + 16*l**2 + 18*l - 12. Calculate the remainder when r(7) is divided by 7.
2
Let i(u) = u + 11. Let y be i(-9). Suppose -2*c - 4*s + 10 = 0, 75 = 2*c + y*c - 3*s. What is the remainder when 28 - (1 + -1 + -1) is divided by c?
14
Suppose z + 2*a - 2 = 0, -3*a + 9 = -0*a. Suppose -s = -0*s - 14. Calculate the remainder when (8/(-10))/(z/130) is divided by s.
12
Suppose 0 = -2*b + 6 - 0. Suppose 18 + 12 = b*q. Suppose -4*h + 7*h = 84. What is the remainder when h is divided by q?
8
Let v(j) = -7*j**2 + j + 1. Let n(q) = -6*q**2 + q + 1. Let s(k) = -5*n(k) + 4*v(k). Let t = -6 - -14. What is the remainder when s(-3) is divided by t?
4
Let n be (-1)/5 - -2*24/(-10). Let z(f) = -4*f + 1. Calculate the remainder when 83 is divided by z(n).
20
Suppose 21*x - 16000 = 5*x. Suppose 0*w + 208 = w - 5*r, 5*w = 5*r + x. What is the remainder when w is divided by 25?
23
Let i(n) = -11*n - 1. Let r be i(2). Let m = r + 116. What is the remainder when m is divided by 16?
13
Let m = 24 + -24. Let q be m*(35/15 + -2). Suppose 2*z - 51 = p + 9, q = 5*z - p - 156. What is the remainder when z is divided by 9?
5
Suppose 4*b = 3*z + 131, -5*z - 55 = -5*b + 3*b. Calculate the remainder when b is divided by 5.
0
Suppose -4*k = -6 - 30. Suppose t - 4 + k = 0, -5*g - 3*t = 0. What is the remainder when 12 is divided by g?
0
Suppose -2*d = -v + 2*v - 27, 0 = 4*d + 4*v - 64. Suppose -d + 5 = 2*m. Calculate the remainder when (-3)/(-3)*m - -58 is divided by 14.
13
What is the remainder when 73 is divided by (-4)/112*-4 + 180/14?
8
Let c(u) = 10*u + 103. Calculate the remainder when c(9) is divided by 7.
4
Suppose 9*o = -84 + 318. Calculate the remainder when 93 is divided by o.
15
Let n(p) = -2*p**2 - 25*p - 14. What is the remainder when 95 is divided by n(-9)?
46
Suppose 2*m - 6*n = -4*n + 222, m = 4*n + 126. What is the remainder when m is divided by 40?
26
Let i(s) = 37*s - 2. Suppose -185 = -5*l + 5*t, 37 = l - 44*t + 39*t. What is the remainder when i(6) is divided by l?
35
Let b(m) = -m**2 - 10*m - 16. Let q be b(-5). Suppose 3*g + 2*y = 5*g - 4, -3*y = 2*g - q. Calculate the remainder when 6 is divided by g.
0
Calculate the remainder when 598 is divided by (-88)/14*3465/(-110).
4
Suppose 4*g = 7*g + 183. Let n = 136 + g. Calculate the remainder when n is divided by 19.
18
Let k(g) = -9*g + 4. Let o(v) = -v - 1. Let x(l) = -4*k(l) + 44*o(l). What is the remainder when x(-10) is divided by 11?
9
Suppose 0 = -3*k + 3*a + 60, -9 - 19 = -k + 3*a. What is the remainder when 3 + 37 + (-6 - -12) is divided by k?
14
Let o = 12 + -3. What is the remainder when 76 is divided by (6/(-2))/(0 - o/33)?
10
Suppose 4*f = -4*n - 13 - 75, 0 = 2*f + 4*n + 40. Let p(t) = -2*t**2 - 47*t + 29. Suppose -r = -3 - 1. What is the remainder when p(f) is divided by r?
1
Suppose 22*c = 409 + 471. Calculate the remainder when c is divided by 12.
4
Let u(p) = p**2 + 2*p - 6. Suppose 4*f + 1491 = 25*f. Calculate the remainder when f is divided by u(-6).
17
Let h(n) = 4*n**2 + n + 3. Suppose -8 = -5*k